 of r.
2, 41
Let z(t) = -8*t + 20. List the prime factors of z(-10).
2, 5
Let p(f) = -f - 13. Let a be p(-8). Let z = 13 + a. What are the prime factors of z?
2
Suppose -f + 12 - 121 = -2*x, 0 = 3*x - 5*f - 167. List the prime factors of x.
2, 3
Let r(n) be the first derivative of -n**3/3 + 6*n**2 + 14*n + 1. What are the prime factors of r(11)?
5
Let t(c) = c**3 + 4*c**2 + c + 1. Let v be t(-3). Suppose 0 = -4*w + v + 5. What are the prime factors of w?
3
Suppose 125 = 2*b + 37. List the prime factors of b.
2, 11
Let f(p) = p - 2*p + 10 - 5. List the prime factors of f(-5).
2, 5
Let j be ((-16)/(-4) - 3) + -2. Let s = j + 8. What are the prime factors of s?
7
Let g = 221 + 114. What are the prime factors of g?
5, 67
Let o(d) = 3*d**2 + 2*d - 5. Let q be o(-5). Suppose -5*z + 18 + 2 = 0. Suppose -q = -z*m - m. What are the prime factors of m?
2, 3
Let v = -10 - -19. Let s = -55 - v. What are the prime factors of s/(-12) - (-4)/6?
2, 3
Suppose q + q = 4. What are the prime factors of q?
2
Let a(b) = b - 1. Let u be a(-2). What are the prime factors of (-2)/6 - 22/u?
7
Suppose -3*b + 3*l + 449 = 4*l, -4*b - 3*l + 597 = 0. What are the prime factors of b?
2, 3, 5
Let v = -25 - -71. List the prime factors of v.
2, 23
Let c = 7 - 1. Let n(l) = -l**3 + 6*l**2 + 3. What are the prime factors of n(c)?
3
Suppose 0 = 7*y - 429 - 61. What are the prime factors of y?
2, 5, 7
Let i be 74/2 + 2/2. Let a be i/(-8) - 5/20. What are the prime factors of 0 + 0 + a + 11?
2, 3
Let t = 63 - 22. List the prime factors of t.
41
Suppose -3*g - 12 = g, 2*q + 12 = -2*g. List the prime factors of q + 1 - (-555)/15.
5, 7
Let j be (-1 + 2)/(1/4). Suppose -2*l - c = -12, 2*l - 6*l + 16 = j*c. Suppose 2*v + 51 = 5*n, 0 = -5*v + v + l. What are the prime factors of n?
11
Let m(t) = -9*t**2 + 2*t + 4. Let o(v) = -v - 1. Let a(h) = -m(h) - 3*o(h). List the prime factors of a(1).
3
Suppose 0*o + 3*o - 14 = -5*c, c - 5*o - 14 = 0. Suppose -a - 2*a + r + 28 = 0, c*r = -3*a + 23. Suppose 0 = -2*b + a + 3. What are the prime factors of b?
2, 3
Suppose -23*l - 12 = -24*l. List the prime factors of l.
2, 3
Suppose -167 = -2*i + 93. List the prime factors of i.
2, 5, 13
Suppose -3*g = 2*g - 20. Suppose 3*l + 0*l + 4*i + 7 = 0, -g*l + 5*i + 32 = 0. Suppose -5*w = -r + 32, -2*r - l*r + 10 = 5*w. List the prime factors of r.
7
Suppose 3*y - 33 = 3*u, -u = -0*y + 3*y - 5. Let b(s) = -2*s - 23. Let o(g) = g + 12. Let w(a) = -3*b(a) - 5*o(a). What are the prime factors of w(u)?
2
Let l be (-72)/(-7) + 2/(-7). Suppose y = -3*j - 14 + 3, -30 = -5*y + 2*j. Suppose -y*g - z - z + l = 0, -z - 10 = -3*g. List the prime factors of g.
3
Let w = -103 - -166. What are the prime factors of w?
3, 7
Let n = 22 - -34. Let m be n/12 - (-2)/(-3). Suppose j - 21 = -m. What are the prime factors of j?
17
Suppose 4*h = h. Suppose 4*s = -h*s - 20. List the prime factors of (-53)/s - 8/(-20).
11
Let i be 25 + -3 - (-1 + 3). Let c = -12 + i. What are the prime factors of c?
2
Let b = -74 - -126. List the prime factors of b.
2, 13
Let t = -5 - -5. Suppose v + t*v - 10 = 0. What are the prime factors of v?
2, 5
Suppose -15*a = -504 - 411. What are the prime factors of a?
61
Let a be ((-30)/(-25))/((-6)/(-20)). Suppose -4*z = a*x, -x = 5*z - 5*x - 27. Suppose -z*i + 20 = -4*c, i - 4*c + 4 = -0*c. What are the prime factors of i?
2, 3
Let q = -45 - -85. Suppose q = 3*r + r. What are the prime factors of r?
2, 5
What are the prime factors of 3/(-4) - (-4)/(-16)*-155?
2, 19
Suppose 0*c + 2*r - 32 = 3*c, -5*r = 4*c + 12. Let j = c - -11. Suppose 0 = -3*b + j*a + 3, 5*b - b - 3*a = 9. List the prime factors of b.
2, 3
Suppose -4*k = -19 - 17. What are the prime factors of k?
3
Let m(q) = -q - 8. Let x be m(-12). Suppose 87 = x*b - 45. List the prime factors of b.
3, 11
Let z be 7/(-5) - (-9)/(-15). Let s = 8 + z. List the prime factors of s.
2, 3
Suppose 2*a = -5*k - 19 - 31, 20 = 4*a. Let m be 5/(10/k) - -2. List the prime factors of 2/(m*(-1)/18).
3
Suppose z = -2*z - 21. Let b(d) = 7*d**3 + 6*d**2 - 4*d - 4. Let c(q) = q**3 + q + 1. Let g(i) = b(i) - 6*c(i). List the prime factors of g(z).
11
What are the prime factors of 58/3 + (-1)/3?
19
Suppose -g + 12 + 58 = 0. What are the prime factors of g?
2, 5, 7
Let i(c) = c**3 + 7*c**2 + 3*c - 5. Let s be i(-6). What are the prime factors of 0 - s*(0 + -1)?
13
Let b be (-7 - 4)*2/2. Let z = b + 25. What are the prime factors of z?
2, 7
Let b(a) be the first derivative of -a**4/4 + 7*a**3/3 + a**2 - 5*a + 1. What are the prime factors of b(7)?
3
Suppose -6*l + 78 = -0*l. Let m = l - -15. List the prime factors of m.
2, 7
Let n(y) = -y**3 - 4*y**2 - 4*y. Let h be n(-3). Suppose h*q + 2*q = -10. List the prime factors of 84/10 + q/5.
2
Let a(l) = -5*l**3 - 2*l**2 - 2*l + 2. Let n(u) = -6*u**3 - 3*u**2 - 2*u + 2. Let s(v) = -5*a(v) + 4*n(v). What are the prime factors of s(2)?
2
Let m = 7 - 5. Let p = m - -9. What are the prime factors of p?
11
Let f(v) = -4*v**3 - 1. Let z be f(-1). List the prime factors of (-30)/((9 - z)/(-3)).
3, 5
Let q(r) = 5*r**2 + 2*r. List the prime factors of q(2).
2, 3
List the prime factors of (-23 - 3)*6/(-4).
3, 13
Let f be 5/(-25) - 212/(-10). Suppose -u - 2*u + f = 0. Suppose -u*d + 4*d - 6 = -3*i, -31 = -3*i - 2*d. What are the prime factors of i?
7
Let q be -8 + 8 + (-87 - 0). What are the prime factors of (q/(-12))/((-2)/(-8))?
29
Let t = -90 - -134. What are the prime factors of t?
2, 11
Suppose -5*z + 5*q + 80 = 0, -2*q + 39 = 4*z - q. List the prime factors of z.
11
Let l = 335 + -43. What are the prime factors of l?
2, 73
Let n be (3/(-4))/(1/(-4)). Suppose -3*f = -n - 3. List the prime factors of f.
2
Suppose 3*n - 2*n = 2*p + 22, 0 = -4*n - 2*p + 88. List the prime factors of n.
2, 11
Let g(f) = -f**2 + 6*f - 2. Let s be g(5). Suppose -k + 13 - s = 0. What are the prime factors of k/25 + (-96)/(-10)?
2, 5
What are the prime factors of 224/6 + 20/30?
2, 19
Let z(l) = l**2. Let a be z(-2). Suppose -a*r + 1 = 3*w, w = 5*r + 2*w - 15. Suppose -3*y - t + 4 = r*t, 2*y - 4*t - 10 = 0. What are the prime factors of y?
3
Let s be 7 - (-2)/(0 - 2). Suppose 0 = -0*u - 2*u + s. Suppose -c - u*p + 2 = 0, 3*c = -p + 4*p + 18. What are the prime factors of c?
5
Let d = 2 - -41. What are the prime factors of d?
43
Suppose -u + 4*r - 5 = 0, 4*u = -0*u + r - 35. Let s(h) = -h - 3. List the prime factors of s(u).
2, 3
Let u be 30/(3*-1) + 1. Let t = u - -15. Suppose 2*c - t - 6 = 0. What are the prime factors of c?
2, 3
Suppose -4*x - 3*q + 6*q + 34 = 0, 2*x - 6 = -4*q. Suppose x*g = 3*g + 104. Suppose 1 = -5*s + g. What are the prime factors of s?
5
Let c = 453 - 213. List the prime factors of c.
2, 3, 5
List the prime factors of 6/15 - (5 - (-3472)/(-20)).
13
Let t(l) = -33*l - 26. List the prime factors of t(-11).
337
Let l be 10/(-35) - 5/7. List the prime factors of l/2 - 54/(-12).
2
Let m(w) = -w**3 - 27*w**2 - 36*w + 45. List the prime factors of m(-26).
5, 61
Suppose 2*n + 6 = n. Suppose -5*m + 39 = 4*h, 0 = m - 4*h + 2*h - 19. Let y = n + m. What are the prime factors of y?
5
Suppose 0*a - 2*a = -6. Let t(h) = -5*h. Let b be t(1). Let i = a - b. What are the prime factors of i?
2
Let k(l) = -2*l**2 - 13*l + 8. Let h be k(-11). List the prime factors of (-3654)/h - 2/13.
2, 5
Suppose y = 2*r + r + 13, -5*r - 11 = y. Suppose 0*k - 3*k = 0. What are the prime factors of k - (r - (0 + 0))?
3
List the prime factors of (946/(-44))/(2/(-4)).
43
Let c(v) be the first derivative of v**4/4 - v**3/3 - 5*v**2/2 + 2*v + 2. Let o be c(3). List the prime factors of 1 - (1 - 3 - o).
2
Let u be 6/(-4)*4/6. What are the prime factors of u - -3 - (0 + -11)?
13
Suppose -11 = -c + 2*c + 3*m, c + 2*m = -7. Let f(y) = y**2 + 15*y - 1. Let i be f(-15). Let q = c - i. List the prime factors of q.
2
Suppose 0 = -2*s + 5*s - 15. Suppose -5*h - 4 = c + 1, -s*h - 5 = 5*c. Suppose -3*b = -c*b - 9. List the prime factors of b.
3
Let g = -4 - -3. Let r = 1 - g. Suppose 5*u = 0, 5*t + 0*u - 15 = r*u. What are the prime factors of t?
3
Let x be (-1)/((-4)/80*2). What are the prime factors of ((-8)/x)/((-1)/10)?
2
Let z(a) = 2*a**3 + a**2 - a. Let v be z(1). Suppose -v*d + 19 = -g + 3*d, -2*g - d = -6. What are the prime factors of 14 + (3 - (7 - g))?
11
Let r be 15/5 - -1*1